((-3)/(-18) - (-863)/6) + n.
3, 47
Let y(m) be the second derivative of m**4/6 - 5*m**3/2 - 13*m**2/2 - 192*m. Suppose 4*h - 50 + 6 = 0. List the prime factors of y(h).
2
Let d = 5444 + -1793. List the prime factors of d.
3, 1217
Let q be ((-1)/1)/(2/4) - 9. Let c = 14 + q. What are the prime factors of c?
3
Let i = 3495 + -2082. What are the prime factors of i?
3, 157
Let c be 18/(7/(-4) - -1). Suppose u - 78 = -2*n, -u = -5*u - 5*n + 300. Let z = c + u. What are the prime factors of z?
2, 23
Suppose 4 = -4*z + 8. Let l(x) = -x**3 - x + 2. Let h be l(z). Suppose -74 = -h*t - 2*t. List the prime factors of t.
37
Let q = 89 - -13. List the prime factors of q.
2, 3, 17
Suppose l + 1028 = 4*a - 835, -5*a + l + 2328 = 0. List the prime factors of a.
3, 5, 31
Suppose -5*a = -a. Suppose 4*j + 4*v - 88 = a, -2*j + 14 = -6*v + 2*v. Suppose -j = k - 2*k + c, 3*k - 4*c - 55 = 0. What are the prime factors of k?
13
Suppose 4*l - m = 7663, 5*l + 19*m - 9610 = 14*m. What are the prime factors of l?
3, 71
Let j(a) = -a**3 - 2*a**2 - 1. Let f be j(-3). Suppose 0 = -q - q + f. Suppose -2 = 2*g + 8, q*g - 65 = -5*n. List the prime factors of n.
17
Suppose 42*i - 3587 - 1411 = 0. What are the prime factors of i?
7, 17
Let a(x) = -x - 28. Let u be a(-13). What are the prime factors of (210/25)/((-2)/u)?
3, 7
What are the prime factors of (-21)/(-14) + 10115/14?
2, 181
Let g = -437 - -238. Let h = -129 - g. What are the prime factors of h?
2, 5, 7
Let r(d) = 9*d - 2. Let m be r(-1). List the prime factors of -5 - (-5)/5 - m.
7
Let l(t) = -7*t - 30. Let y be l(-5). Suppose -5*s + 820 = 3*i, 0 = -4*i - 3*s + 2*s + 1065. Suppose 0 = -y*u - 0*u + i. What are the prime factors of u?
53
Let g(q) = q**3 + 26*q**2 + q + 98. What are the prime factors of g(-12)?
2, 1051
Suppose 257828 = 31*z + 55*z. List the prime factors of z.
2, 1499
Suppose 0 = 8*u + 3*u - 3498. List the prime factors of u.
2, 3, 53
Suppose -5*y + 4180 = -y + 4*q, 2*q - 2 = 0. List the prime factors of y.
2, 3, 29
Let g = -88 + 88. Suppose g = -15*a + 10*a + 150. List the prime factors of a.
2, 3, 5
Suppose 2*u - 10 = 10. Let j = u + -12. What are the prime factors of (1/j)/(1/(-6))?
3
Let c(n) = 70*n - 9. Let a be (-16)/(-20)*10/4. Let i be c(a). Let q = i - 60. What are the prime factors of q?
71
Suppose 6623 = 3*g + v, -v = g + 248 - 2459. List the prime factors of g.
2, 1103
Let q(y) be the third derivative of -7*y**4/12 + 11*y**3/6 + y**2. List the prime factors of q(-4).
67
Let l = 77 + -92. Let u(c) = c**2 + 11*c - 47. What are the prime factors of u(l)?
13
Let a = 26 + 684. List the prime factors of a.
2, 5, 71
Let u(a) = a**2 + 9*a - 9. List the prime factors of u(-11).
13
Let h = -21 - -22. Let g = 57 - h. List the prime factors of g.
2, 7
Suppose 4*s = 0, k - 20 = -0*k - 2*s. Let m be (0 + 3)/(-1) - -2*4. Suppose k = m*x - 5. What are the prime factors of x?
5
Let p = 87 - 57. List the prime factors of p.
2, 3, 5
Suppose -112 = -14*v + 10*v. Suppose 3*l - 57 - v = -5*u, 0 = -5*l - 2*u + 129. List the prime factors of l.
5
Let n = 1800 - -1041. List the prime factors of n.
3, 947
Let m(x) = x**3 - 10*x**2 + 10*x - 7. Let f be m(9). Suppose 2*i + 2 = -f. List the prime factors of i/(-11) + (-546)/(-22).
5
Suppose 3*p = p + 826. Let h = 627 - p. List the prime factors of h.
2, 107
What are the prime factors of (-204)/17*(-650)/6?
2, 5, 13
Let u = 128 + -220. Let j = u - -202. List the prime factors of j.
2, 5, 11
Suppose -g - 4*r + 21 = 0, g - 4*r = -2*g - 17. Let d be (g + -2)*(-4 + 1). Suppose 14 = d*q - 7. What are the prime factors of q?
7
Suppose -203*c = -192*c - 12221. List the prime factors of c.
11, 101
Let l = 131 + -126. Let t(y) = 5 + 1 - 4 + 2 + y**3 - 4*y**2 + 4*y. What are the prime factors of t(l)?
7
Let l(m) be the second derivative of -m**2/2 + 6*m. Let r(a) = -8*a. Let x(h) = -2*l(h) + r(h). List the prime factors of x(-2).
2, 3
Suppose 2*z - 2*n = 286, 0 = -2*n - 4. Let x = 197 - z. List the prime factors of x.
2, 7
Let o(x) = x**2 - 2*x - 1. Suppose -12*p = -10*p - 6. Let c be o(p). Suppose -3*i + 8 = -c*i. What are the prime factors of i?
2
Let o = 36 + -170. Let x = -73 - o. Let i = -39 + x. What are the prime factors of i?
2, 11
Let z = 7 + -12. Let i(l) = 14*l - 5. Let q be i(z). What are the prime factors of (4/6)/((-5)/q)?
2, 5
Suppose -u - 2*g + 846 = 0, 3*g = -2*u + 82 + 1608. List the prime factors of u.
2, 421
Let s = 9 + -3. Let f(p) be the third derivative of p**5/60 - p**4/8 - 2*p**3/3 + p**2. What are the prime factors of f(s)?
2, 7
Let f be 2/4 + (-17)/34. Suppose f*w - 112 = -7*w. Suppose -4*j - w = -152. List the prime factors of j.
2, 17
What are the prime factors of 24*(-9 + (3 - -60))?
2, 3
Suppose -u = -z - 597, -167 = -3*u + 5*z + 1630. List the prime factors of u.
2, 3, 11
Suppose 7*g = 2*g - 315. Let h be g/(-18) + 1/(-2). Suppose 3*f - 24 = 5*j, 61 = -0*f + 4*f + h*j. List the prime factors of f.
13
Suppose -2*b = 3*u - 235, 0*u = 4*b + 2*u - 482. Suppose 0 = t - 0*t - b. List the prime factors of t.
2, 61
Let x = -89 - 1. Let u = x - -94. List the prime factors of u.
2
Suppose 2*y - 4 = 10. Suppose -y*r - 132 = -4*r. Let d = 82 + r. List the prime factors of d.
2, 19
Suppose -8*j + 14995 = 2795. List the prime factors of j.
5, 61
Suppose 2*t - 3*c + 34 + 7 = 0, c = -5. Let i = t - -55. What are the prime factors of i?
3
Suppose 29 = 3*h - 4*s, 5*s = 7*h - 2*h - 40. Suppose 5*v - h*v = 0. Suppose v = -b + 2, -4*b + 9*b = -2*q + 62. What are the prime factors of q?
2, 13
Suppose -s - 6270 = -2*a, -4*s = 53*a - 49*a - 12540. What are the prime factors of a?
3, 5, 11, 19
Suppose 5*p + 29 - 89 = 0. Suppose -10*l - 156 = -p*l. What are the prime factors of l?
2, 3, 13
Let j(n) = 0 + 1 - 9*n + 6*n + 0. What are the prime factors of j(-5)?
2
Suppose -3*k + 7*k + 16 = 0. Let o = k + 11. Let j(h) = 7*h - 11. What are the prime factors of j(o)?
2, 19
Suppose -4*b = -5*m + 23953, -m = 3*b - 2002 - 2800. What are the prime factors of m?
4793
Let q = -15 - -20. Suppose 3*k = 5*g + q*k - 422, 3*g - 4*k - 274 = 0. What are the prime factors of g?
2, 43
Let u = -34 - -29. What are the prime factors of (7 - u/1) + 3 + -1?
2, 7
Let d be 2/11 + (-2)/11. Suppose 4*g + 3*y - 413 = d, -4*y - 239 = -4*g + 181. List the prime factors of g.
2, 13
Let m be (1 + -2)*(-5 + 9). Let i be (-4)/(-8)*m - 23. Let r = 42 + i. List the prime factors of r.
17
Let q = 5798 + -3266. List the prime factors of q.
2, 3, 211
Suppose 0*z = -4*z + 3*s + 531, 3*z - 398 = 2*s. Suppose 0*n + z = -4*n. Let l = 58 + n. What are the prime factors of l?
5
Let m be 2/3 + -2 + (-6500)/(-15). Suppose 7*j - m = j. What are the prime factors of j?
2, 3
Let t(o) = o**3 - 3*o**2 - 2*o + 3. Let f be t(3). Let w be f/(-6) + (-1)/(-2). Let z(a) = 37*a**2 + 2*a - 1. List the prime factors of z(w).
2, 19
Let i(m) be the third derivative of m**4/24 + 17*m**3/6 - 8*m**2. List the prime factors of i(-7).
2, 5
Let u(i) = 56*i. Let h(b) = 225*b - 1. Let y(r) = 2*h(r) - 9*u(r). List the prime factors of y(-2).
2, 53
Let z be 75*3/(-21) + 20/(-70). Let w be 8/6*(14 + -2). Let u = w - z. What are the prime factors of u?
3
Suppose 0 = -143*r + 153*r - 3150. What are the prime factors of r?
3, 5, 7
Suppose -2*v + 7*v = 25. Let g(a) = -6*a**2 - 14*a + 37. Let k(u) = u**2 + 3*u - 7. Let o(l) = -2*g(l) - 11*k(l). List the prime factors of o(v).
3
List the prime factors of (-2 - -51)/(72/63 - 1).
7
Let k(i) = i**2 + 7*i - 2. Let u be k(-7). List the prime factors of -46*((-15)/(-10) + u).
23
Let a = -43 - -46. Suppose -419 + 143 = -a*j. What are the prime factors of j?
2, 23
Suppose -3*b - 2*n = -3758, 16*n - 1258 = -b + 14*n. List the prime factors of b.
2, 5
Let p(y) = -y**3 + 3*y**2 + 2*y - 4. Let h be p(4). Let r = h + 14. Let i(q) = 15*q - 1. List the prime factors of i(r).
29
Let j = -577 + 940. What are the prime factors of j?
3, 11
Let v(h) = 294*h**2 - 9*h - 8. List the prime factors of v(-3).
5, 13, 41
Let w(x) = -x**2 - 8*x + 10. Suppose -28 = 3*s + 14. Let f = -22 - s. What are the prime factors of w(f)?
2, 5
Suppose 0 = -5*x + 8*x - 2*g - 1739, -g - 2903 = -5*x. List the prime factors of x.
7, 83
Let z(d) = 2*d**2 - 26*d + 2960. What are the prime factors of z(0)?
2, 5, 37
Let d(j) = 176*j - 1. Let k(r) = r 